{"id":33,"date":"2024-03-26T17:20:58","date_gmt":"2024-03-26T16:20:58","guid":{"rendered":"https:\/\/hyevent.fr\/?page_id=33"},"modified":"2024-04-01T14:40:10","modified_gmt":"2024-04-01T12:40:10","slug":"mentions-legales","status":"publish","type":"page","link":"https:\/\/hyevent.fr\/index.php\/mentions-legales\/","title":{"rendered":"Mentions l\u00e9gales"},"content":{"rendered":"\t\t<div data-elementor-type=\"wp-page\" data-elementor-id=\"33\" class=\"elementor elementor-33\">\n\t\t\t\t<div class=\"elementor-element elementor-element-8f7a549 e-flex e-con-boxed e-con e-parent\" data-id=\"8f7a549\" data-element_type=\"container\">\n\t\t\t\t\t<div class=\"e-con-inner\">\n\t\t\t\t<div class=\"elementor-element elementor-element-62f6e82 elementor-widget elementor-widget-heading\" data-id=\"62f6e82\" data-element_type=\"widget\" data-widget_type=\"heading.default\">\n\t\t\t\t<div class=\"elementor-widget-container\">\n\t\t\t\t\t<h2 class=\"elementor-heading-title elementor-size-default\">Mentions l\u00e9gales<\/h2>\t\t\t\t<\/div>\n\t\t\t\t<\/div>\n\t\t\t\t\t<\/div>\n\t\t\t\t<\/div>\n\t\t<div class=\"elementor-element elementor-element-cd33682 e-flex e-con-boxed e-con e-parent\" data-id=\"cd33682\" data-element_type=\"container\">\n\t\t\t\t\t<div class=\"e-con-inner\">\n\t\t\t\t<div class=\"elementor-element elementor-element-0979f6f elementor-drop-cap-yes elementor-drop-cap-view-default elementor-widget elementor-widget-text-editor\" data-id=\"0979f6f\" data-element_type=\"widget\" data-settings=\"{&quot;drop_cap&quot;:&quot;yes&quot;}\" data-widget_type=\"text-editor.default\">\n\t\t\t\t<div class=\"elementor-widget-container\">\n\t\t\t\t\t\t\t\t\t<p>Conform\u00e9ment aux dispositions des Articles 6-III et 19 de la Loi n\u00b02004-575 du 21 juin 2004 pour la Confiance dans l\u2019\u00e9conomie num\u00e9rique, dite L.C.E.N., il est port\u00e9 \u00e0 la connaissance des utilisateurs et visiteurs, ci-apr\u00e8s l\u00a0\u00bb<strong>Utilisateur<\/strong>\u00ab\u00a0, du site https:\/\/hyevent.fr\/ , ci-apr\u00e8s le <strong>\u00ab\u00a0Site\u00a0\u00bb<\/strong>, les pr\u00e9sentes mentions l\u00e9gales.<\/p><p>La connexion et la navigation sur le Site par l\u2019Utilisateur implique acceptation int\u00e9grale et sans r\u00e9serve des pr\u00e9sentes mentions l\u00e9gales.<\/p><p>Ces derni\u00e8res sont accessibles sur le Site \u00e0 la rubrique \u00ab\u00a0<strong>Mentions l\u00e9gales\u00a0\u00bb<\/strong>.<\/p><h2>ARTICLE 1 &#8211; L\u2019\u00c9DITEUR<\/h2><h2>\u00a0<\/h2><p>L\u2019\u00e9dition et la direction de la publication du Site est assur\u00e9e par Henry Emmanuel, domicili\u00e9e 16 all\u00e9e de Fontainebleau, dont le num\u00e9ro de t\u00e9l\u00e9phone est 0698189185, et l&rsquo;adresse e-mail hyevent.contact@gmail.com.<\/p><p>ci-apr\u00e8s l'\u00a0\u00bb<strong>\u00c9diteur<\/strong>\u00ab\u00a0.<\/p><h1>\u00a0<\/h1><h2>ARTICLE 2 &#8211; L\u2019H\u00c9BERGEUR<\/h2><p>L&rsquo;h\u00e9bergeur du Site est la soci\u00e9t\u00e9 OVH GROUPE, dont le si\u00e8ge social est situ\u00e9 au OVH SAS 2 rue Kellermann &#8211; 59100 Roubaix &#8211; France , av<strong>ec le num\u00e9ro de t\u00e9l\u00e9phone : 1007 + adresse mail de contact<\/strong><\/p><h2>ARTICLE 3 &#8211; ACC\u00c8S AU SITE<\/h2><p>Le Site est accessible en tout endroit, 7j\/7, 24h\/24 sauf cas de force majeure, interruption programm\u00e9e ou non et pouvant d\u00e9coulant d\u2019une n\u00e9cessit\u00e9 de maintenance.<\/p><p>En cas de modification, interruption ou suspension du Site, l&rsquo;Editeur ne saurait \u00eatre tenu responsable.<\/p><h2>ARTICLE 4 &#8211; COLLECTE DES DONN\u00c9ES<\/h2><p>Le Site assure \u00e0 l&rsquo;Utilisateur une collecte et un traitement d&rsquo;informations personnelles dans le respect de la vie priv\u00e9e conform\u00e9ment \u00e0 la loi n\u00b078-17 du 6 janvier 1978 relative \u00e0 l&rsquo;informatique, aux fichiers et aux libert\u00e9s.<\/p><p>En vertu de la loi Informatique et Libert\u00e9s, en date du 6 janvier 1978, l&rsquo;Utilisateur dispose d&rsquo;un droit d&rsquo;acc\u00e8s, de rectification, de suppression et d&rsquo;opposition de ses donn\u00e9es personnelles. L&rsquo;Utilisateur exerce ce droit :<\/p><ul><li>par mail \u00e0 l&rsquo;adresse email hyevent.contact@gmail.com<\/li><li>via un formulaire de contact ;<\/li><\/ul><p>Toute utilisation, reproduction, diffusion, commercialisation, modification de toute ou partie du Site, sans autorisation de l\u2019\u00c9diteur est prohib\u00e9e et pourra entra\u00een\u00e9e des actions et poursuites judiciaires telles que notamment pr\u00e9vues par le Code de la propri\u00e9t\u00e9 intellectuelle et le Code civil.<\/p>\t\t\t\t\t\t\t\t<\/div>\n\t\t\t\t<\/div>\n\t\t\t\t\t<\/div>\n\t\t\t\t<\/div>\n\t\t\t\t<\/div>\n\t\t","protected":false},"excerpt":{"rendered":"<p>Mentions l\u00e9gales Conform\u00e9ment aux dispositions des Articles 6-III et 19 de la Loi n\u00b02004-575 du 21 juin 2004 pour la Confiance dans l\u2019\u00e9conomie num\u00e9rique, dite L.C.E.N., il est port\u00e9 \u00e0 la connaissance des utilisateurs et visiteurs, ci-apr\u00e8s l\u00a0\u00bbUtilisateur\u00ab\u00a0, du site https:\/\/hyevent.fr\/ , ci-apr\u00e8s le \u00ab\u00a0Site\u00a0\u00bb, les pr\u00e9sentes mentions l\u00e9gales. La connexion et la navigation sur&hellip;&nbsp;<a href=\"https:\/\/hyevent.fr\/index.php\/mentions-legales\/\" class=\"\" rel=\"bookmark\">Lire la suite &raquo;<span class=\"screen-reader-text\">Mentions l\u00e9gales<\/span><\/a><\/p>\n","protected":false},"author":1,"featured_media":0,"parent":0,"menu_order":0,"comment_status":"closed","ping_status":"closed","template":"page-templates\/template-pagebuilder-full-width.php","meta":{"neve_meta_sidebar":"","neve_meta_container":"","neve_meta_enable_content_width":"","neve_meta_content_width":0,"neve_meta_title_alignment":"","neve_meta_author_avatar":"","neve_post_elements_order":"","neve_meta_disable_header":"","neve_meta_disable_footer":"","neve_meta_disable_title":"","footnotes":""},"class_list":["post-33","page","type-page","status-publish","hentry"],"yoast_head":"<!-- This site is optimized with the Yoast SEO plugin v27.3 - https:\/\/yoast.com\/product\/yoast-seo-wordpress\/ -->\n<title>Mentions l\u00e9gales - HY EVENT<\/title>\n<meta name=\"robots\" content=\"index, follow, max-snippet:-1, max-image-preview:large, max-video-preview:-1\" \/>\n<link rel=\"canonical\" href=\"https:\/\/hyevent.fr\/index.php\/mentions-legales\/\" \/>\n<meta property=\"og:locale\" content=\"fr_FR\" \/>\n<meta property=\"og:type\" content=\"article\" \/>\n<meta property=\"og:title\" content=\"Mentions l\u00e9gales - HY EVENT\" \/>\n<meta property=\"og:description\" content=\"Mentions l\u00e9gales Conform\u00e9ment aux dispositions des Articles 6-III et 19 de la Loi n\u00b02004-575 du 21 juin 2004 pour la Confiance dans l\u2019\u00e9conomie num\u00e9rique, dite L.C.E.N., il est port\u00e9 \u00e0 la connaissance des utilisateurs et visiteurs, ci-apr\u00e8s l\u00a0\u00bbUtilisateur\u00ab\u00a0, du site https:\/\/hyevent.fr\/ , ci-apr\u00e8s le \u00ab\u00a0Site\u00a0\u00bb, les pr\u00e9sentes mentions l\u00e9gales. La connexion et la navigation sur&hellip;&nbsp;Lire la suite &raquo;Mentions l\u00e9gales\" \/>\n<meta property=\"og:url\" content=\"https:\/\/hyevent.fr\/index.php\/mentions-legales\/\" \/>\n<meta property=\"og:site_name\" content=\"HY EVENT\" \/>\n<meta property=\"article:publisher\" content=\"https:\/\/www.facebook.com\/HY.EVENT.PARIS\" \/>\n<meta property=\"article:modified_time\" content=\"2024-04-01T12:40:10+00:00\" \/>\n<meta name=\"twitter:card\" content=\"summary_large_image\" \/>\n<meta name=\"twitter:label1\" content=\"Dur\u00e9e de lecture estim\u00e9e\" \/>\n\t<meta name=\"twitter:data1\" content=\"2 minutes\" \/>\n<script type=\"application\/ld+json\" class=\"yoast-schema-graph\">{\"@context\":\"https:\\\/\\\/schema.org\",\"@graph\":[{\"@type\":\"WebPage\",\"@id\":\"https:\\\/\\\/hyevent.fr\\\/index.php\\\/mentions-legales\\\/\",\"url\":\"https:\\\/\\\/hyevent.fr\\\/index.php\\\/mentions-legales\\\/\",\"name\":\"Mentions l\u00e9gales - HY EVENT\",\"isPartOf\":{\"@id\":\"http:\\\/\\\/hyevent.fr\\\/#website\"},\"datePublished\":\"2024-03-26T16:20:58+00:00\",\"dateModified\":\"2024-04-01T12:40:10+00:00\",\"breadcrumb\":{\"@id\":\"https:\\\/\\\/hyevent.fr\\\/index.php\\\/mentions-legales\\\/#breadcrumb\"},\"inLanguage\":\"fr-FR\",\"potentialAction\":[{\"@type\":\"ReadAction\",\"target\":[\"https:\\\/\\\/hyevent.fr\\\/index.php\\\/mentions-legales\\\/\"]}]},{\"@type\":\"BreadcrumbList\",\"@id\":\"https:\\\/\\\/hyevent.fr\\\/index.php\\\/mentions-legales\\\/#breadcrumb\",\"itemListElement\":[{\"@type\":\"ListItem\",\"position\":1,\"name\":\"Accueil\",\"item\":\"http:\\\/\\\/hyevent.fr\\\/\"},{\"@type\":\"ListItem\",\"position\":2,\"name\":\"Mentions l\u00e9gales\"}]},{\"@type\":\"WebSite\",\"@id\":\"http:\\\/\\\/hyevent.fr\\\/#website\",\"url\":\"http:\\\/\\\/hyevent.fr\\\/\",\"name\":\"HY EVENT\",\"description\":\"Ensemble, sublimons votre \u00e9v\u00e9nement.\",\"publisher\":{\"@id\":\"http:\\\/\\\/hyevent.fr\\\/#organization\"},\"potentialAction\":[{\"@type\":\"SearchAction\",\"target\":{\"@type\":\"EntryPoint\",\"urlTemplate\":\"http:\\\/\\\/hyevent.fr\\\/?s={search_term_string}\"},\"query-input\":{\"@type\":\"PropertyValueSpecification\",\"valueRequired\":true,\"valueName\":\"search_term_string\"}}],\"inLanguage\":\"fr-FR\"},{\"@type\":\"Organization\",\"@id\":\"http:\\\/\\\/hyevent.fr\\\/#organization\",\"name\":\"HY EVENT\",\"url\":\"http:\\\/\\\/hyevent.fr\\\/\",\"logo\":{\"@type\":\"ImageObject\",\"inLanguage\":\"fr-FR\",\"@id\":\"http:\\\/\\\/hyevent.fr\\\/#\\\/schema\\\/logo\\\/image\\\/\",\"url\":\"https:\\\/\\\/hyevent.fr\\\/wp-content\\\/uploads\\\/2024\\\/03\\\/Logo-Hy-Event-e1711475951212.png\",\"contentUrl\":\"https:\\\/\\\/hyevent.fr\\\/wp-content\\\/uploads\\\/2024\\\/03\\\/Logo-Hy-Event-e1711475951212.png\",\"width\":130,\"height\":130,\"caption\":\"HY EVENT\"},\"image\":{\"@id\":\"http:\\\/\\\/hyevent.fr\\\/#\\\/schema\\\/logo\\\/image\\\/\"},\"sameAs\":[\"https:\\\/\\\/www.facebook.com\\\/HY.EVENT.PARIS\",\"https:\\\/\\\/www.instagram.com\\\/hy_event_paris\\\/\",\"https:\\\/\\\/www.linkedin.com\\\/company\\\/hy-event\\\/\"]}]}<\/script>\n<!-- \/ Yoast SEO plugin. -->","yoast_head_json":{"title":"Mentions l\u00e9gales - HY EVENT","robots":{"index":"index","follow":"follow","max-snippet":"max-snippet:-1","max-image-preview":"max-image-preview:large","max-video-preview":"max-video-preview:-1"},"canonical":"https:\/\/hyevent.fr\/index.php\/mentions-legales\/","og_locale":"fr_FR","og_type":"article","og_title":"Mentions l\u00e9gales - HY EVENT","og_description":"Mentions l\u00e9gales Conform\u00e9ment aux dispositions des Articles 6-III et 19 de la Loi n\u00b02004-575 du 21 juin 2004 pour la Confiance dans l\u2019\u00e9conomie num\u00e9rique, dite L.C.E.N., il est port\u00e9 \u00e0 la connaissance des utilisateurs et visiteurs, ci-apr\u00e8s l\u00a0\u00bbUtilisateur\u00ab\u00a0, du site https:\/\/hyevent.fr\/ , ci-apr\u00e8s le \u00ab\u00a0Site\u00a0\u00bb, les pr\u00e9sentes mentions l\u00e9gales. La connexion et la navigation sur&hellip;&nbsp;Lire la suite &raquo;Mentions l\u00e9gales","og_url":"https:\/\/hyevent.fr\/index.php\/mentions-legales\/","og_site_name":"HY EVENT","article_publisher":"https:\/\/www.facebook.com\/HY.EVENT.PARIS","article_modified_time":"2024-04-01T12:40:10+00:00","twitter_card":"summary_large_image","twitter_misc":{"Dur\u00e9e de lecture estim\u00e9e":"2 minutes"},"schema":{"@context":"https:\/\/schema.org","@graph":[{"@type":"WebPage","@id":"https:\/\/hyevent.fr\/index.php\/mentions-legales\/","url":"https:\/\/hyevent.fr\/index.php\/mentions-legales\/","name":"Mentions l\u00e9gales - HY EVENT","isPartOf":{"@id":"http:\/\/hyevent.fr\/#website"},"datePublished":"2024-03-26T16:20:58+00:00","dateModified":"2024-04-01T12:40:10+00:00","breadcrumb":{"@id":"https:\/\/hyevent.fr\/index.php\/mentions-legales\/#breadcrumb"},"inLanguage":"fr-FR","potentialAction":[{"@type":"ReadAction","target":["https:\/\/hyevent.fr\/index.php\/mentions-legales\/"]}]},{"@type":"BreadcrumbList","@id":"https:\/\/hyevent.fr\/index.php\/mentions-legales\/#breadcrumb","itemListElement":[{"@type":"ListItem","position":1,"name":"Accueil","item":"http:\/\/hyevent.fr\/"},{"@type":"ListItem","position":2,"name":"Mentions l\u00e9gales"}]},{"@type":"WebSite","@id":"http:\/\/hyevent.fr\/#website","url":"http:\/\/hyevent.fr\/","name":"HY EVENT","description":"Ensemble, sublimons votre \u00e9v\u00e9nement.","publisher":{"@id":"http:\/\/hyevent.fr\/#organization"},"potentialAction":[{"@type":"SearchAction","target":{"@type":"EntryPoint","urlTemplate":"http:\/\/hyevent.fr\/?s={search_term_string}"},"query-input":{"@type":"PropertyValueSpecification","valueRequired":true,"valueName":"search_term_string"}}],"inLanguage":"fr-FR"},{"@type":"Organization","@id":"http:\/\/hyevent.fr\/#organization","name":"HY EVENT","url":"http:\/\/hyevent.fr\/","logo":{"@type":"ImageObject","inLanguage":"fr-FR","@id":"http:\/\/hyevent.fr\/#\/schema\/logo\/image\/","url":"https:\/\/hyevent.fr\/wp-content\/uploads\/2024\/03\/Logo-Hy-Event-e1711475951212.png","contentUrl":"https:\/\/hyevent.fr\/wp-content\/uploads\/2024\/03\/Logo-Hy-Event-e1711475951212.png","width":130,"height":130,"caption":"HY EVENT"},"image":{"@id":"http:\/\/hyevent.fr\/#\/schema\/logo\/image\/"},"sameAs":["https:\/\/www.facebook.com\/HY.EVENT.PARIS","https:\/\/www.instagram.com\/hy_event_paris\/","https:\/\/www.linkedin.com\/company\/hy-event\/"]}]}},"_links":{"self":[{"href":"https:\/\/hyevent.fr\/index.php\/wp-json\/wp\/v2\/pages\/33","targetHints":{"allow":["GET"]}}],"collection":[{"href":"https:\/\/hyevent.fr\/index.php\/wp-json\/wp\/v2\/pages"}],"about":[{"href":"https:\/\/hyevent.fr\/index.php\/wp-json\/wp\/v2\/types\/page"}],"author":[{"embeddable":true,"href":"https:\/\/hyevent.fr\/index.php\/wp-json\/wp\/v2\/users\/1"}],"replies":[{"embeddable":true,"href":"https:\/\/hyevent.fr\/index.php\/wp-json\/wp\/v2\/comments?post=33"}],"version-history":[{"count":10,"href":"https:\/\/hyevent.fr\/index.php\/wp-json\/wp\/v2\/pages\/33\/revisions"}],"predecessor-version":[{"id":337,"href":"https:\/\/hyevent.fr\/index.php\/wp-json\/wp\/v2\/pages\/33\/revisions\/337"}],"wp:attachment":[{"href":"https:\/\/hyevent.fr\/index.php\/wp-json\/wp\/v2\/media?parent=33"}],"curies":[{"name":"wp","href":"https:\/\/api.w.org\/{rel}","templated":true}]}}